 of s?
3
Let x(g) be the second derivative of g**4/12 - 4*g**3/3 - 5*g**2/2 - 37*g. What is the units digit of x(13)?
0
Suppose 371*b - 370*b - 9850 = 0. What is the units digit of b?
0
Suppose -3*i = 3*b - 660, 4*i - 2*b = 2*b + 872. Suppose 32*p - 12*p - 40 = 0. Suppose -d - 340 + 59 = -4*m, 3*m + p*d - i = 0. What is the units digit of m?
1
What is the thousands digit of 2034/9153 + 59470/9 + 0?
6
Suppose -29311 = -8*l + l + 2*f, -2*l + 8366 = -2*f. What is the hundreds digit of l?
1
Suppose -10149 = -w + 6*a, -5*a = 14*w - 18*w + 40729. What is the ten thousands digit of w?
1
Let k = 39328 + -24616. What is the units digit of k?
2
Let q = -1851 + 8544. What is the hundreds digit of q?
6
Suppose 4*k - 536 = 687*t - 691*t, -2*t + 3*k + 248 = 0. What is the units digit of t?
0
Let y(o) = -59*o + 61. Let f be y(-20). Let c = 2244 - f. What is the units digit of c?
3
Let s = -31 + 29. Let l be -4 - 30/(-12) - 95/s. Suppose -t + 44 = -l. What is the tens digit of t?
9
Let t(k) = -4*k + 5. Let g be t(-2). Let v(x) be the third derivative of x**5/60 - 11*x**4/24 - 24*x**2. What is the tens digit of v(g)?
2
What is the hundreds digit of (259 - 0 - 0)/((-15)/(3960/(-12)))?
6
Let z = 14496 - 13564. What is the hundreds digit of z?
9
Suppose -5*g + 25697 - 4708 = 4*u, 2*u + 20953 = 5*g. What is the tens digit of g?
9
Suppose 867 = 6*h - 1011. Let u(d) = -3*d**3 + 4*d**2 + 10*d + 21. Let j be u(5). Let o = j + h. What is the tens digit of o?
0
Suppose -3*q - 16*x + 11424 = -17*x, 0 = -q - 4*x + 3795. What is the hundreds digit of q?
8
Let m(o) = -o**3 + 19*o**2 + 3*o + 5221. What is the thousands digit of m(0)?
5
Suppose 175*c = 31*c + 2854368. What is the hundreds digit of c?
8
Suppose -457812 - 119052 = -2*u - 30*u. What is the ten thousands digit of u?
1
Let f(o) = -4*o. Let d be f(-1). Suppose -8*v + 6*v = -d. Suppose -3*l - v*l + 55 = 0. What is the units digit of l?
1
Let t = -70 + 64. Let u(v) = v**2 + v - 28. Let n be u(t). Suppose 0 = -4*a - 4, -5*j - 3*a - n*a = -875. What is the hundreds digit of j?
1
Suppose 0*p - 8*p = -13035 + 1131. What is the tens digit of p?
8
Suppose 5*d - 35570 = 245*y - 241*y, d = y + 7115. What is the hundreds digit of d?
1
Let q(g) = 2158*g + 947. What is the hundreds digit of q(2)?
2
Let k(i) = -43*i + 53. Let t be k(-8). Suppose t = c - 322. What is the units digit of c?
9
Let u = -89 - 17. Let v = u - -115. Suppose -v*z = -16*z + 1827. What is the units digit of z?
1
Let f(j) = -35*j - 30. Let h be f(-3). Let r be (-4)/30 - (-1 + (-5935)/h). Let c = 117 - r. What is the tens digit of c?
3
Suppose -2 + 243 = u. Suppose i = n - u, n = -4*i + 34 + 192. What is the hundreds digit of n?
2
Let i(m) = -422*m + 883. What is the units digit of i(-19)?
1
Suppose -2*l = -22 - 42. Suppose 3*x = 3*m + 7*x + 16, -3*m = -2*x + 46. Let g = l - m. What is the tens digit of g?
4
Let f be (-2)/(-10)*(-1 + 1*16). Suppose -2*s + f*g = -398, 5*g = -3*s - 96 + 655. What is the units digit of s?
3
Let k be (-3)/(-3 + (-2)/(64/(-84))). Suppose -k*p + 8092 = 6*p. Let n = p - 398. What is the units digit of n?
0
What is the units digit of (1 - 3139)*153/(-27)?
2
Suppose -52 = -4*u - 5*l, 2*u + 3*u - l - 36 = 0. Suppose 2002 = 19*d - u*d. What is the units digit of d?
2
Suppose -4*x = 3*o - o, -5*o = -3*x. Suppose -4*a = -x - 16. Suppose -a*b = 7*b - 1067. What is the tens digit of b?
9
Suppose 99 = -s + 22. Let j(y) = -8*y + 129. Let n be j(0). Let r = s + n. What is the tens digit of r?
5
Let s = 43854 + -34723. What is the units digit of s?
1
What is the hundreds digit of (3/6*2 - 287/41) + 85096?
0
Let y(r) = -6*r**3 + 80*r**2 + 54*r + 191. Let h(c) = c**3 - 16*c**2 - 11*c - 38. Let n(p) = -11*h(p) - 2*y(p). What is the tens digit of n(-12)?
5
Let g(z) = 51*z - 8*z + 2 - 14*z - 5 + 4. Let d be (1*-1)/((-2)/8). What is the tens digit of g(d)?
1
Let l = 4589 + -1522. Suppose 10*b = -437 + l. What is the hundreds digit of b?
2
Suppose 76147 = 34*g - 101673. What is the tens digit of g?
3
Suppose 3*k = 109 - 79. Let b be (-1018)/(-10) - 1/(-5). Suppose -k - b = -4*p. What is the tens digit of p?
2
Suppose -5*q - 12875 = -59*v + 57*v, 3*v - 19296 = 2*q. What is the tens digit of v?
3
Let h be (51 - 0)*(-22)/99*-69. Let x = h - 359. Let q = -238 + x. What is the units digit of q?
5
Suppose 0 = -15*r + 20*r + 110*r - 2134400. What is the ten thousands digit of r?
1
Let h(u) = u - 11. Let p(k) = k - 10. Let m(j) = 4*h(j) - 5*p(j). Let l be m(3). Suppose -b - 86 = -s - l*b, 83 = s - b. What is the units digit of s?
4
What is the units digit of 20/(-50)*(-334055)/2?
1
What is the thousands digit of ((-46086)/(-12) + -2)/(1/10)?
8
Let d be (-1)/4 + 1012/16. Let j = -28 - -55. Let p = d + j. What is the units digit of p?
0
Let t = 1503 - -490. Suppose 11072 - t = 7*i. What is the hundreds digit of i?
2
Let g = 57709 + -27456. What is the units digit of g?
3
Let l(k) = 5*k**2 + 268*k + 42. What is the hundreds digit of l(-70)?
7
What is the hundreds digit of -4 + 2601 - (7 + 2)?
5
Let d = 2 + 4. Let s(j) = 88*j + 6. Let c be s(d). Suppose -5*h + c = 94. What is the tens digit of h?
8
Let q(t) = t**3 - 12*t**2 + 10*t + 12. Let s be q(11). Let l(x) = -3*x**2 + s + 11*x**2 + 8*x**2 - 4. What is the tens digit of l(3)?
4
Suppose -520*h = -517*h - 18. Suppose h*g = 30*g - 31872. What is the units digit of g?
8
Let g = -36736 + 98121. What is the thousands digit of g?
1
Let q = -43756 - -92333. What is the units digit of q?
7
Let j(m) = -m**3 - 33*m**2 + 15*m - 12. Let v(x) = -x. Let q(t) = -j(t) + 2*v(t). What is the tens digit of q(-33)?
7
Let y(n) = -n**3 - n**2 - 2*n + 4970. What is the tens digit of y(0)?
7
Suppose -3*u + 1581 = 4*r - 9397, -4*r + 3*u = -10942. What is the thousands digit of r?
2
Let c(r) = -r**3 - 21*r**2 + 32*r + 56. Let u be c(-24). Suppose -19*p = -15*p - u. What is the hundreds digit of p?
2
Suppose 40*x - 374868 = -18868. What is the tens digit of x?
0
Let b(q) = q**2 - 10*q - 17. Let f be b(11). What is the tens digit of (-5696)/(-12) + -5 - (-4)/f?
6
Suppose -5*n - 218 = -3*h, 4*n + 95 = -4*h - 73. Let w = n - -88. Suppose 3*v - w = 5*i - 700, -4*i + 507 = v. What is the hundreds digit of i?
1
What is the units digit of (764/(-3))/((-9)/(-3 + 84))?
2
Suppose o - 3*i + 4 = 11, 0 = o + 4*i. Suppose -2*p + o*p = 216. What is the units digit of p?
8
Let z = 2062 - 1159. What is the hundreds digit of z?
9
Let t = -200 - -209. What is the tens digit of (-1240)/(-136) - t - 9518/(-17)?
6
Let i be (1*-1574)/(-2) + (-40)/20. Suppose -4*b = -15 - i. What is the hundreds digit of b?
2
Suppose 5*k = -24*k + 15718. Suppose -m = -2*a - k + 142, 415 = m - 5*a. What is the units digit of m?
0
Suppose -7260 = 2*n - 4*o, 10920 = 20*n - 23*n - 4*o. What is the tens digit of (88/(-66))/(8/n)?
0
Let n(g) = -49*g + 102*g - 55*g + 6 + 2. Let j be n(1). Suppose -975 - 777 = -j*k. What is the units digit of k?
2
Suppose -6*p = -6 - 24. Suppose -159 - 911 = p*z. Let j = -118 - z. What is the units digit of j?
6
Let c be 9/((-45)/(-3940))*1/(-2). Let d = -253 - c. What is the units digit of d?
1
Let p = 630 - -155. Let v = p - -533. What is the tens digit of v?
1
Suppose 0 = 164*s - 168*s - 2984. Let r = 505 - s. What is the thousands digit of r?
1
What is the hundreds digit of 14*16/448*2256?
1
Suppose 0 = -2*q + 2*x + 6326, -1507 = -q + 2*x + 1653. What is the hundreds digit of q?
1
Suppose -5*i + 122 = -o, 4*o = -3*i + o + 84. Let d(t) = 14*t + 2. What is the hundreds digit of d(i)?
3
Let s = 15779 + -10412. What is the hundreds digit of s?
3
Suppose -5*x + 5*i = -306355, 0 = -4*x + 3*i + 375768 - 130683. Suppose 7*n = -39*n + x. What is the hundreds digit of n?
3
What is the thousands digit of -3*(-17208)/11 + (-327)/3597?
4
Let u = -276 - -507. Suppose -s - t + u = -3*t, 3*s + t = 721. What is the units digit of s?
9
Suppose 368*n - 889711 = 338*n + 741119. What is the tens digit of n?
6
Let j(v) = 7*v**2 - 7*v + 6. Let b be j(1). Suppose 0 = 8*y - b*y - 516. What is the units digit of y?
8
Let a(z) = 42*z**2 - 5*z + 9. Let o(n) = -40*n**2 + 3*n - 8. Let q(u) = -4*a(u) - 5*o(u). What is the tens digit of q(2)?
4
Let m = -51 + 110. Let o = m + -56. Suppose 3*j = 0, -q + 2*j + o*j + 119 = 0. What is the units digit of q?
9
Suppose 0 = -2*a - 